Day for Current Month NOAA Weather Summary

                  MONTHLY CLIMATOLOGICAL SUMMARY FOR 7/2024
                                        HEAT  COOL        
     MEAN                               DEG   DEG       WIND SPEED       DOM MEAN  MEAN
DAY  TEMP  HIGH   TIME     LOW   TIME   DAYS  DAYS RAIN AVG  HI  TIME    DIR BAROM HUM
---------------------------------------------------------------------------------------
1    70.6  96.7   3:08pm  49.7   6:22am    5   11  0.00   0   0  12:00am   N 29.87   63
2    74.5 103.8  12:51pm  53.3   6:26am    3   13  0.00   0  14   1:44pm   S 29.79   60
3    74.8  97.6   2:47pm  55.6   7:02am    2   12  0.00   0  12   1:28pm   S 29.83   57
4    76.9 101.3   1:48pm  56.7   6:52am    2   14  0.00   0  11   2:24pm   S 29.93   56
5    80.1 112.2   2:45pm  55.9   7:04am    2   17  0.00   0   7   6:28pm NNW 29.88   50
6    78.9 105.2   2:27pm  57.8   6:40am    1   15  0.00   0  13   4:08pm   S 29.81   52
7    71.4  91.9   3:00pm  55.1   6:43am    2    9  0.00   0  13   3:16pm   S 29.86   67
8    69.7  92.4   2:41pm  52.0   6:29am    4    9  0.00   0  11  11:56am   S 29.81   69
9    69.4  90.9   2:47pm  53.2   6:28am    4    8  0.00   0  15   2:24pm   S 29.84   69
10   72.5 100.0   2:55pm  54.9   6:20am    4   11  0.00   0  12   1:25pm   S 29.85   67
11   75.2 106.3   1:47pm  56.0   6:16am    3   12  0.00   0  14   4:42pm   S 29.83   63
12   71.7  90.3   2:54pm  57.6   6:51am    2    8  0.00   0  13   2:15pm   S 29.82   65
13   67.4  85.6   2:13pm  55.2   3:51am    4    6  0.00   0  17   1:19pm   S 29.90   70
14   66.1  85.7   2:59pm  54.6   6:55am    4    5  0.00   0  11  12:12pm   S 30.00   74
15   65.0  84.9   2:38pm  55.0   7:15am    5    5  0.00   0  12   5:21pm   S 30.01   73
16   64.4  85.1   1:40pm  48.6   6:10am    6    5  0.00   0  11   1:16pm   S 29.99   70
17   68.4  94.3   2:57pm  50.1   3:39am    5    9  0.00   0   4   5:45pm   N 29.98   67
18   71.6  95.2   2:13pm  49.9   7:08am    4   11  0.00   0  12  12:42pm   S 29.96   60
19   76.8 107.2   3:00pm  52.8   6:49am    3   15  0.00   0   7  12:05pm   N 29.94   52
---------------------------------------------------------------------------------------
TOT  71.9 112.2   7/5/24  48.6  7/16/24   65  195  0.00   0  17  7/13/24   S 29.89   63

HEAT BASE: 65.0
COOL BASE: 65.0

From Boulder-Creek.com Weather Station

Month for Current Year NOAA Weather Summary

                  YEARLY CLIMATOLOGICAL SUMMARY FOR 2024
                                        HEAT  COOL        
     MEAN                               DEG   DEG       WIND SPEED       DOM MEAN  MEAN
MON  TEMP  HIGH   DATE     LOW   DATE   DAYS  DAYS RAIN AVG  HI  DATE    DIR BAROM HUM
---------------------------------------------------------------------------------------
1    48.6  76.7  1/29/24  29.9   1/8/24  512    4 13.19   0  30  1/31/24 SSE 30.09   92
2    48.8  77.8  2/24/24  33.3   2/9/24  473    5 13.41   0  37   2/4/24 SSE 30.00   89
3    51.2  84.6  3/18/24  35.7   3/8/24  447   19  7.73   0  23   3/1/24 SSE 30.00   81
4    54.9  93.9  4/11/24  32.9   4/6/24  363   61  2.76   0  27  4/13/24   S 30.03   75
5    59.0  91.5  5/30/24  36.3   5/6/24  284   98  1.38   0  17   5/9/24   S 29.96   71
6    65.4 103.2   6/5/24  44.0  6/19/24  175  185  0.00   0  17   6/6/24   S 29.89   65
7    71.9 112.2   7/5/24  48.6  7/16/24   65  195  0.00   0  17  7/13/24   S 29.89   63
---------------------------------------------------------------------------------------
TOT  56.3 112.2   7/5/24  29.9   1/8/24 2319  566 38.47   0  37   2/4/24   S 29.98   77

HEAT BASE: 65.0
COOL BASE: 65.0

From Boulder-Creek.com Weather Station