Day for Current Month NOAA Weather Summary

                  MONTHLY CLIMATOLOGICAL SUMMARY FOR 5/2019
                                        HEAT  COOL        
     MEAN                               DEG   DEG       WIND SPEED       DOM MEAN  MEAN
DAY  TEMP  HIGH   TIME     LOW   TIME   DAYS  DAYS RAIN AVG  HI  TIME    DIR BAROM HUM
---------------------------------------------------------------------------------------
1    57.0  84.3   3:06pm  38.6   6:45am   12    4  0.00   1   8   3:29pm NNW 30.02   67
2    59.4  87.8   2:43pm  37.8   6:46am   11    5  0.00   1   8   6:17pm NNW 30.00   56
3    60.3  86.6   2:22pm  38.3   7:08am   10    6  0.00   1  11   1:19pm   S 29.94   55
4    56.2  79.0   2:45pm  37.6   7:00am   12    3  0.00   1  13   3:07pm   S 29.88   69
5    56.5  73.3  12:39pm  47.6   6:26am    9    1  0.00   1   8   3:50pm   N 29.85   71
6    54.5  63.2   2:15pm  49.3   4:43am   10    0  0.00   1   8   6:28pm   S 29.92   81
7    57.7  74.9   2:05pm  49.1   5:37am    8    1  0.00   1  13   2:07pm   S 30.04   77
8    58.0  75.1   2:28pm  50.3   6:33am    8    1  0.00   1  14   1:54pm   S 29.97   80
9    55.6  61.0   3:44pm  50.9   6:04am    9    0  0.00   1   7   2:32pm   S 29.81   86
10   61.9  77.0   3:06pm  52.8   5:44am    6    3  0.00   1  11  12:43pm   S 29.82   72
11   62.0  86.0   2:01pm  45.1   6:39am    8    5  0.00   1  11   2:30pm   S 29.94   72
12   63.5  86.5   1:44pm  50.2   1:05am    7    5  0.00   1   9   1:07pm   N 29.96   63
13   61.3  85.1  12:57pm  43.6   6:46am    9    5  0.00   1  11   2:17pm   S 30.00   68
14   58.3  74.2   1:20pm  47.1   3:19am    8    1  0.00   1  10   3:09pm NNW 30.00   75
15   54.6  57.9   2:40pm  51.4  11:57pm   10    0  1.77   3  33   6:00pm NNW 29.82   92
16   51.0  54.8  10:07am  47.8  11:56pm   14    0  0.28   1  11   7:31am NNE 29.90   94
17   52.3  66.5   2:54pm  43.7  11:56pm   13    0  0.00   1   9   6:23pm   N 30.11   82
18   46.8  53.7  11:09am  39.1   6:06am   18    0  1.15   1  10   5:26pm   S 29.93   94
19   50.9  58.8   1:34pm  46.6   7:57am   14    0  0.56   1  11   1:27pm SSE 29.81   93
20   53.5  70.7   2:40pm  43.4   6:38am   12    0  0.01   0   9   4:01pm   N 29.97   83
21   48.6  49.2   3:32am  47.9   6:27am    5    0  0.19   0   5   3:12am   N 29.96   95
---------------------------------------------------------------------------------------
TOT  56.4  87.8   5/2/19  37.6   5/4/19  214   40  3.96   1  33  5/15/19   S 29.94   77

HEAT BASE: 65.0
COOL BASE: 65.0

From Boulder-Creek.com Weather Station

Month for Current Year NOAA Weather Summary

                  YEARLY CLIMATOLOGICAL SUMMARY FOR 2019
                                        HEAT  COOL        
     MEAN                               DEG   DEG       WIND SPEED       DOM MEAN  MEAN
MON  TEMP  HIGH   DATE     LOW   DATE   DAYS  DAYS RAIN AVG  HI  DATE    DIR BAROM HUM
---------------------------------------------------------------------------------------
1    49.0  78.9  1/27/19  26.9   1/2/19  503    7 15.22   1  28  1/16/19   S 30.08   89
2    44.7  65.5  2/24/19  27.6  2/19/19  568    0 21.32   1  28   2/2/19   N 29.98   88
3    50.3  86.1  3/17/19  30.8  3/14/19  474   19  8.07   1  25  3/27/19   N 30.06   82
4    57.4  97.0  4/23/19  39.9  4/13/19  299   71  0.91   1  15  4/11/19   S 30.02   76
5    56.4  87.8   5/2/19  37.6   5/4/19  214   40  3.96   1  33  5/15/19   S 29.94   77
---------------------------------------------------------------------------------------
TOT  51.3  97.0  4/23/19  26.9   1/2/19 2058  136 49.48   1  33  5/15/19   S 30.02   83

HEAT BASE: 65.0
COOL BASE: 65.0

From Boulder-Creek.com Weather Station