Day for Current Month NOAA Weather Summary

                  MONTHLY CLIMATOLOGICAL SUMMARY FOR 11/2019
                                        HEAT  COOL        
     MEAN                               DEG   DEG       WIND SPEED       DOM MEAN  MEAN
DAY  TEMP  HIGH   TIME     LOW   TIME   DAYS  DAYS RAIN AVG  HI  TIME    DIR BAROM HUM
---------------------------------------------------------------------------------------
1    51.3  83.3   2:12pm  31.2   7:48am   17    3  0.00   1   7   3:08pm   S 30.14   51
2    53.9  89.2   1:57pm  32.5   8:08am   15    4  0.00   1   9   3:29pm   S 30.09   51
3    55.4  88.4   1:08pm  34.7   7:06am   14    4  0.00   1  11   1:31pm   S 29.99   48
4    56.9  87.6   1:11pm  38.6   7:19am   12    4  0.00   1   9   2:12pm   S 29.97   56
5    56.9  87.6   1:05pm  39.1   7:12am   12    4  0.00   0   7  12:06pm   S 30.01   63
6    54.9  82.4   1:10pm  39.7   6:49am   13    3  0.00   1  10   2:47pm   S 30.00   70
7    51.7  72.3  12:58pm  38.8   7:00am   14    1  0.00   1  12   1:16pm   S 30.09   81
8    54.9  83.5   1:01pm  38.8   7:46am   13    2  0.00   1   9  12:58pm   S 30.16   75
9    55.4  86.8   1:09pm  37.4   7:14am   13    4  0.00   0   7   4:00pm   S 30.10   72
10   54.5  81.1   1:17pm  38.0   7:16am   13    3  0.00   1  10   2:39pm   S 30.04   72
11   58.0  84.8  12:56pm  41.0   7:22am   11    4  0.00   1   9   1:35pm   S 30.03   68
12   57.2  82.6   1:15pm  42.9   7:01am   11    3  0.00   1  10   2:29pm   S 30.04   69
13   53.1  69.7   1:16pm  43.7   7:24am   12    0  0.00   1  10   1:42pm   S 29.99   81
14   53.8  58.5  12:58pm  50.4   4:22am   11    0  0.01   0   9  10:49am SSE 30.08   89
15   55.9  69.1   1:01pm  47.7   7:49am    9    0  0.00   0   7   1:09pm NNE 30.16   88
16   58.4  82.5   1:06pm  45.9   7:54am    9    3  0.00   0   6   1:07pm NNW 30.10   78
17   57.0  85.4   1:13pm  42.0   6:48am   11    3  0.00   0   4   1:46pm   N 30.04   70
18   57.9  88.9   1:13pm  40.7   7:34am   11    4  0.00   0   7  11:50am NNW 29.91   67
19   53.6  62.7  12:18pm  48.2   1:35am   11    0  0.01   1  14  10:47am   N 29.74   84
---------------------------------------------------------------------------------------
TOT  55.3  89.2  11/2/19  31.2  11/1/19  233   49  0.02   1  14 11/19/19   S 30.04   70

HEAT BASE: 65.0
COOL BASE: 65.0

From Boulder-Creek.com Weather Station

Month for Current Year NOAA Weather Summary

                  YEARLY CLIMATOLOGICAL SUMMARY FOR 2019
                                        HEAT  COOL        
     MEAN                               DEG   DEG       WIND SPEED       DOM MEAN  MEAN
MON  TEMP  HIGH   DATE     LOW   DATE   DAYS  DAYS RAIN AVG  HI  DATE    DIR BAROM HUM
---------------------------------------------------------------------------------------
1    49.0  78.9  1/27/19  26.9   1/2/19  503    7 15.22   1  28  1/16/19   S 30.08   89
2    44.7  65.5  2/24/19  27.6  2/19/19  568    0 21.32   1  28   2/2/19   N 29.98   88
3    50.3  86.1  3/17/19  30.8  3/14/19  474   19  8.07   1  25  3/27/19   N 30.06   82
4    57.4  97.0  4/23/19  39.9  4/13/19  299   71  0.91   1  15  4/11/19   S 30.02   76
5    56.8  87.8   5/2/19  37.6   5/4/19  313   60  4.44   1  33  5/15/19   S 29.93   78
6    65.2 109.1  6/11/19  44.7   6/7/19  167  174  0.00   1  16  6/18/19   S 29.93   69
7    66.7 106.2  7/24/19  47.8   7/9/19  149  202  0.01   1  14   7/5/19   S 29.95   68
8    68.6 108.4  8/14/19  48.8   8/3/19  121  232  0.00   1  17   8/7/19   S 29.92   69
9    65.6 106.6  9/13/19  39.8  9/29/19  155  172  0.19   1  17  9/28/19   N 29.93   68
10   58.1 100.2 10/25/19  31.9 10/30/19  336  122  0.00   1  15 10/17/19 NNW 29.99   58
11   55.3  89.2  11/2/19  31.2  11/1/19  233   49  0.02   1  14 11/19/19   S 30.04   70
---------------------------------------------------------------------------------------
TOT  58.2 109.1  6/11/19  26.9   1/2/19 3319 1108  0.01   1  33  5/15/19   S 29.98   74

HEAT BASE: 65.0
COOL BASE: 65.0

From Boulder-Creek.com Weather Station