Day for Current Month NOAA Weather Summary

                  MONTHLY CLIMATOLOGICAL SUMMARY FOR 8/2017
                                        HEAT  COOL        
     MEAN                               DEG   DEG       WIND SPEED       DOM MEAN  MEAN
DAY  TEMP  HIGH   TIME     LOW   TIME   DAYS  DAYS RAIN AVG  HI  TIME    DIR BAROM HUM
---------------------------------------------------------------------------------------
1    72.1 103.7   2:20pm  51.0   7:05am    4   11  0.00   1  15   3:26pm   S 29.88   60
2    75.4 101.8   3:05pm  56.5   6:40am    2   13  0.00   1  12   5:39pm   S 29.88   57
3    74.7  88.1  12:32pm  64.3   7:13am    0   10  0.00   1  10   3:39pm   S 29.93   59
4    75.8  91.8   3:09pm  66.0  11:58pm    0   11  0.00   0   9   1:15am SSE 29.91   61
5    72.7  93.2   3:14pm  58.6   5:49am    2    9  0.00   1  12   2:27pm   S 29.89   66
6    69.3  90.2   2:29pm  55.3   7:04am    3    8  0.00   1  16   1:52pm   S 29.90   69
7    67.4  90.8   1:39pm  52.1   5:59am    5    7  0.00   1  12   2:08pm   N 29.93   71
8    67.8  91.3   2:49pm  53.6   6:38am    4    7  0.00   1  15   3:47pm   S 29.93   71
9    64.9  85.2   1:26pm  56.3   6:41am    4    4  0.00   1  14   5:39pm NNW 29.94   77
10   67.3  92.1   2:38pm  56.8   7:02am    4    6  0.00   1   8   3:40pm NNW 29.94   75
11   68.4  95.7   2:38pm  55.1   6:56am    4    8  0.00   1   9   8:55pm  NW 29.91   71
12   66.4  88.8   2:00pm  54.4   6:45am    5    6  0.00   1  11   2:34pm  NW 29.91   70
13   64.8  89.8   2:19pm  49.0   7:20am    6    6  0.00   1  13   7:22pm NNW 29.92   73
14   63.2  78.9   2:26pm  57.9  10:48pm    4    2  0.00   1   9  11:03am   N 29.89   79
15   62.8  80.0   1:20pm  53.7  11:59pm    4    2  0.00   1  10   4:45pm   N 29.89   74
16   63.0  81.1   2:28pm  52.8  12:56am    5    3  0.00   1  12   2:20pm   S 29.95   76
17   67.6  89.3   2:17pm  55.9   7:24am    4    6  0.00   2  13   3:05pm   S 29.98   71
18   67.3  88.5   2:51pm  52.2   7:06am    4    7  0.00   1  13  12:49pm   S 29.96   70
19   63.3  80.7   2:37pm  55.5   7:00am    5    3  0.00   2  13  12:55pm   S 29.90   79
20   62.8  74.9   2:56pm  57.8   6:34am    4    2  0.00   1  14   4:21pm   S 29.90   82
21   62.7  77.6   3:28pm  58.6   5:06am    3    1  0.00   1  11   1:54pm   S 29.99   85
---------------------------------------------------------------------------------------
TOT  67.7 103.7   8/1/17  49.0  8/13/17   76  132  0.00   1  15   8/1/17   S 29.92   71

HEAT BASE: 65.0
COOL BASE: 65.0

From Boulder-Creek.com Weather Station

Month for Current Year NOAA Weather Summary

                  YEARLY CLIMATOLOGICAL SUMMARY FOR 2017
                                        HEAT  COOL        
     MEAN                               DEG   DEG       WIND SPEED       DOM MEAN  MEAN
MON  TEMP  HIGH   DATE     LOW   DATE   DAYS  DAYS RAIN AVG  HI  DATE    DIR BAROM HUM
---------------------------------------------------------------------------------------
1    45.3  78.2  1/30/17  27.9   1/6/17  614    3 27.32   1  29   1/8/17   S 30.06   91
2    49.7  76.0  2/14/17  30.7  2/25/17  430    2 21.24   1  29  2/20/17   S 30.01   89
3    53.6  92.7  3/13/17  30.0   3/1/17  402   48  6.36   1  20  3/21/17   N 30.12   78
4    55.3  92.7  4/30/17  33.6  4/10/17  343   52  6.02   1  25   4/7/17   N 30.05   74
5    60.0 100.3  5/20/17  38.2  5/18/17  268  114  0.03   1  18   5/5/17   N 29.95   70
6    65.5 105.4  6/17/17  41.3   6/5/17  169  185  0.05   1  16  6/18/17   S 29.92   68
7    69.1 110.4   7/7/17  46.2  7/22/17  141  267  0.00   1  15   7/2/17   S 29.94   62
8    67.7 103.7   8/1/17  49.0  8/13/17   76  132  0.00   1  15   8/1/17   S 29.92   71
---------------------------------------------------------------------------------------
TOT  58.0 110.4   7/7/17  27.9   1/6/17 2441  804 61.02   1  29   1/8/17   S 30.00   75

HEAT BASE: 65.0
COOL BASE: 65.0

From Boulder-Creek.com Weather Station