Day for Current Month NOAA Weather Summary

                  MONTHLY CLIMATOLOGICAL SUMMARY FOR 6/2022
                                        HEAT  COOL        
     MEAN                               DEG   DEG       WIND SPEED       DOM MEAN  MEAN
DAY  TEMP  HIGH   TIME     LOW   TIME   DAYS  DAYS RAIN AVG  HI  TIME    DIR BAROM HUM
---------------------------------------------------------------------------------------
1    67.1  97.4   3:12pm  42.0   6:42am    7   10  0.00   0  11   4:56pm   N 29.90   44
2    67.5  87.6  12:57pm  52.8   6:30am    4    7  0.00   0  10   7:29pm   N 29.86   49
3    66.0  86.2  12:51pm  53.9   3:56am    4    5  0.00   0   4   5:15am   N 29.87   71
4    64.0  78.3   1:19pm  52.1   6:01am    5    4  0.00   0   6   2:30pm   S 29.93   62
5    64.4  73.9   3:02pm  57.2   4:31am    3    2  0.06   0  11   3:04pm   S 29.94   86
6    66.0  83.5   1:24pm  52.3   7:04am    4    5  0.00   0  10   3:03pm NNW 29.95   63
7    63.6  89.9  12:41pm  43.7   6:31am    8    6  0.00   0  11   2:54pm NNW 29.93   55
8    65.8  88.2   1:07pm  51.2   6:45am    5    6  0.00   0  13   3:42pm NNW 29.92   58
9    69.5  97.0   1:53pm  48.4   5:53am    5   10  0.00   0   9   2:48pm NNW 29.89   58
10   77.1 107.1   2:39pm  54.7   6:39am    2   15  0.00   0  10   4:46pm  NW 29.90   53
11   74.7 103.4   1:17pm  55.9   6:37am    2   11  0.00   0  12   2:54pm NNW 29.92   59
12   66.5  80.2   3:30pm  53.4  11:50pm    3    4  0.00   0  12   7:30pm   N 29.86   77
13   61.5  81.6  12:20pm  47.4   6:40am    7    4  0.00   0   8   1:20am  SW 29.98   62
14   65.8  92.0   1:50pm  44.0   6:50am    7    8  0.00   0   8  10:30am   N 29.96   54
15   67.2  97.1   1:40pm  47.3   6:50am    6    8  0.00   0  15   4:40pm   N 29.89   51
16   60.3  80.9   1:30pm  48.8   5:40am    8    3  0.00   0  13  11:00am   N 29.86   63
17   59.0  74.3   1:10pm  51.0  11:58pm    7    1  0.00   0  12   1:30pm   S 29.90   65
18   58.0  74.0   1:45pm  46.2   7:02am    8    1  0.00   0  10   2:44pm   N 29.99   68
19   62.8  89.4   1:10pm  42.0   6:50am    8    6  0.00   0   9   1:50pm WNW 30.06   60
20   68.6  96.5   3:05pm  45.2   6:57am    6   10  0.00   0  11   6:59pm   N 29.97   53
21   76.7 104.9   3:18pm  50.0   6:25am    4   16  0.00   0   7  11:36pm   S 29.85   43
22   70.7  97.3   1:09pm  53.1   6:49am    3    9  0.00   0  15   2:54pm   S 29.89   52
23   73.0  99.8   2:30pm  52.3   6:35am    4   12  0.00   0  10   6:21pm SSE 29.86   54
24   71.5  95.0   2:54pm  52.4   6:54am    3   10  0.00   0  10   6:54pm   S 29.85   58
25   69.4  95.0   1:57pm  49.8   7:06am    5    9  0.00   0  14   4:20pm   S 29.89   61
26   69.5  98.3   2:01pm  48.1   6:58am    5   10  0.00   0  13   4:06pm   S 29.97   61
27   69.1 104.9   2:38pm  48.8   7:05am    5    7  0.00   0  10   2:57pm SSE 30.01   63
---------------------------------------------------------------------------------------
TOT  67.2 107.1  6/10/22  42.0   6/1/22  139  198  0.06   0  15  6/15/22   S 29.92   59

HEAT BASE: 65.0
COOL BASE: 65.0

From Boulder-Creek.com Weather Station

Month for Current Year NOAA Weather Summary

                  YEARLY CLIMATOLOGICAL SUMMARY FOR 2022
                                        HEAT  COOL        
     MEAN                               DEG   DEG       WIND SPEED       DOM MEAN  MEAN
MON  TEMP  HIGH   DATE     LOW   DATE   DAYS  DAYS RAIN AVG  HI  DATE    DIR BAROM HUM
---------------------------------------------------------------------------------------
1    47.4  74.6  1/12/22  27.7   1/2/22  554   10  0.56   0  13   1/2/22   S 30.19   82
2    49.5  88.3  2/10/22  25.5  2/24/22  474   41  0.06   0  13  2/15/22   S 30.17   64
3    52.9  90.1  3/23/22  29.4  3/11/22  426   52  2.31   0  31  3/27/22   S 30.09   70
4    54.9 100.0   4/7/22  33.8  4/18/22  366   63  3.38   0  20  4/16/22   N 30.06   70
5    59.7 102.4  5/24/22  34.1  5/10/22  284  120  0.00   0  16  5/21/22   N 30.00   64
6    67.2 107.1  6/10/22  42.0   6/1/22  139  198  0.06   0  15  6/15/22   S 29.92   59
---------------------------------------------------------------------------------------
TOT  55.1 107.1  6/10/22  25.5  2/24/22 2243  484  6.37   0  31  3/27/22   S 30.07   68

HEAT BASE: 65.0
COOL BASE: 65.0

From Boulder-Creek.com Weather Station