Day for Current Month NOAA Weather Summary

                  MONTHLY CLIMATOLOGICAL SUMMARY FOR 6/2017
                                        HEAT  COOL        
     MEAN                               DEG   DEG       WIND SPEED       DOM MEAN  MEAN
DAY  TEMP  HIGH   TIME     LOW   TIME   DAYS  DAYS RAIN AVG  HI  TIME    DIR BAROM HUM
---------------------------------------------------------------------------------------
1    64.1  81.0   2:54pm  52.2  11:58pm    5    4  0.00   1  10   7:06pm NNW 29.94   73
2    64.7  89.1   1:29pm  49.6   1:38am    7    6  0.00   1  13   5:14pm   N 29.93   66
3    64.5  92.4   1:33pm  49.2   6:27am    7    6  0.00   1  12   3:52pm NNW 29.90   62
4    62.2  85.4   3:16pm  47.7   6:13am    7    5  0.00   1  11   1:34pm NNW 29.94   58
5    62.9  91.4   3:14pm  41.3   5:06am    9    7  0.00   1  11  12:23pm   S 29.90   63
6    62.6  86.1  12:12pm  43.8   6:37am    8    5  0.00   1  11   3:54pm NNW 29.91   64
7    59.3  78.9   2:04pm  43.8   6:35am    8    3  0.00   1  13   2:09pm   S 29.92   74
8    57.7  62.8   4:22pm  53.2   2:34am    7    0  0.02   1   9  12:40pm   S 29.99   88
9    59.1  70.1   2:39pm  51.7  11:39pm    6    0  0.03   1  12   5:09pm   N 29.96   81
10   58.8  73.1   2:50pm  49.7   6:20am    7    1  0.00   1  10   9:22am   N 29.96   68
11   55.7  66.3   1:39pm  50.4   4:20am    9    0  0.00   2  14   9:28am   N 29.97   69
12   56.6  73.4   2:23pm  49.2  11:58pm    9    1  0.00   1  11   3:13pm   N 30.10   75
13   61.1  86.5   2:04pm  44.5   4:06am    9    5  0.00   1  13   3:49pm NNW 30.04   68
14   65.3  94.0   2:29pm  43.5   6:41am    8    8  0.00   1  14   4:30pm NNW 29.97   59
15   67.5  91.5   2:24pm  50.4   5:40am    5    8  0.00   1  13   7:08pm   N 30.01   60
16   72.8  99.1   1:56pm  53.8   6:43am    3   11  0.00   1  10   3:03pm NNW 29.95   61
17   77.2 105.4   2:35pm  56.1   6:43am    2   14  0.00   1   9   5:11pm  NW 29.86   56
18   77.2 103.9  12:22pm  59.6   6:43am    1   13  0.00   1  16   5:41pm   S 29.76   61
19   75.6  99.6   2:25pm  58.6   6:37am    1   12  0.00   1  13   1:15pm   S 29.79   61
20   70.3  91.7   3:02pm  55.5   6:32am    3    8  0.00   1  14  12:08pm   S 29.83   67
21   69.5  92.9   2:34pm  51.8   5:18am    4    9  0.00   1  12   1:38pm   S 29.76   67
22   72.7  95.7   1:08pm  57.8   6:06am    2   10  0.00   1  16   1:23pm   S 29.74   65
23   69.0  92.9   1:11pm  54.0   6:12am    4    8  0.00   2  13   4:26pm   S 29.87   70
24   68.3  88.9   3:14pm  55.5   2:28am    4    7  0.00   1  14   3:14pm   S 29.91   73
25   55.7  59.8  12:00am  53.6   7:31am    3    0  0.00   0   3   7:04am   N 29.93   90
---------------------------------------------------------------------------------------
TOT  65.5 105.4  6/17/17  41.3   6/5/17  138  150  0.05   1  16  6/18/17   S 29.91   67

HEAT BASE: 65.0
COOL BASE: 65.0

From Boulder-Creek.com Weather Station

Month for Current Year NOAA Weather Summary

                  YEARLY CLIMATOLOGICAL SUMMARY FOR 2017
                                        HEAT  COOL        
     MEAN                               DEG   DEG       WIND SPEED       DOM MEAN  MEAN
MON  TEMP  HIGH   DATE     LOW   DATE   DAYS  DAYS RAIN AVG  HI  DATE    DIR BAROM HUM
---------------------------------------------------------------------------------------
1    45.3  78.2  1/30/17  27.9   1/6/17  614    3 27.32   1  29   1/8/17   S 30.06   91
2    49.7  76.0  2/14/17  30.7  2/25/17  430    2 21.24   1  29  2/20/17   S 30.01   89
3    53.6  92.7  3/13/17  30.0   3/1/17  402   48  6.36   1  20  3/21/17   N 30.12   78
4    55.3  92.7  4/30/17  33.6  4/10/17  343   52  6.02   1  25   4/7/17   N 30.05   74
5    60.0 100.3  5/20/17  38.2  5/18/17  268  114  0.03   1  18   5/5/17   N 29.95   70
6    65.5 105.4  6/17/17  41.3   6/5/17  138  150  0.05   1  16  6/18/17   S 29.91   67
---------------------------------------------------------------------------------------
TOT  54.6 105.4  6/17/17  27.9   1/6/17 2194  369 61.02   1  29   1/8/17   S 30.02   78

HEAT BASE: 65.0
COOL BASE: 65.0

From Boulder-Creek.com Weather Station