Day for Current Month NOAA Weather Summary

                  MONTHLY CLIMATOLOGICAL SUMMARY FOR 10/2017
                                        HEAT  COOL        
     MEAN                               DEG   DEG       WIND SPEED       DOM MEAN  MEAN
DAY  TEMP  HIGH   TIME     LOW   TIME   DAYS  DAYS RAIN AVG  HI  TIME    DIR BAROM HUM
---------------------------------------------------------------------------------------
1    60.1  85.2   1:27pm  45.7   7:57am    9    4  0.00   1  11   4:11pm NNW 29.89   66
2    62.9  87.4   2:00pm  46.5  11:58pm    6    4  0.00   1   9  10:44am   N 29.81   43
3    54.4  78.1   1:41pm  38.8   4:41am   12    2  0.00   1   9   3:57pm   N 29.85   65
4    57.2  86.7   2:09pm  36.2   8:01am   12    5  0.00   0  10   2:17pm   N 30.05   56
5    60.3  89.0   1:56pm  39.6   7:31am   10    6  0.00   1   9   1:18pm NNE 30.00   51
6    63.0  93.6   2:08pm  40.6   7:36am    9    7  0.00   0   5  12:58pm NNW 30.00   47
7    63.9 100.5   1:54pm  42.4   7:50am    8    7  0.00   1  12   4:47pm NNW 29.88   47
8    62.7  87.8   1:38pm  43.8   8:03am    8    5  0.00   1  10   2:21pm   N 29.78   54
9    62.4  86.9   2:13pm  45.6   8:08am    7    5  0.00   1  11  12:04pm   N 29.88   42
10   60.0  86.9   2:09pm  42.3   7:35am    9    5  0.00   1  13  12:33pm   S 29.91   56
11   54.3  74.6   1:38pm  41.2   8:05am   12    1  0.00   1   9   1:44pm   N 29.96   70
12   53.6  78.6   1:02pm  36.8   7:52am   14    2  0.00   1   7   2:02pm   N 30.06   56
13   55.3  86.0   2:09pm  35.1   7:28am   14    4  0.00   0   5  12:52pm NNW 30.09   52
14   57.7  87.0   1:35pm  39.5   7:25am   12    5  0.00   0   8   1:40pm   S 30.07   50
15   60.8  93.8   2:21pm  38.0   8:04am   11    7  0.00   1  14   1:19pm   S 30.09   46
16   63.7  95.9   1:33pm  42.5   7:35am    9    8  0.00   0  12   1:42pm   S 30.09   43
---------------------------------------------------------------------------------------
TOT  59.5 100.5  10/7/17  35.1 10/13/17  163   76  0.00   1  14 10/15/17   N 29.96   53

HEAT BASE: 65.0
COOL BASE: 65.0

From Boulder-Creek.com Weather Station

Month for Current Year NOAA Weather Summary

                  YEARLY CLIMATOLOGICAL SUMMARY FOR 2017
                                        HEAT  COOL        
     MEAN                               DEG   DEG       WIND SPEED       DOM MEAN  MEAN
MON  TEMP  HIGH   DATE     LOW   DATE   DAYS  DAYS RAIN AVG  HI  DATE    DIR BAROM HUM
---------------------------------------------------------------------------------------
1    45.3  78.2  1/30/17  27.9   1/6/17  614    3 27.32   1  29   1/8/17   S 30.06   91
2    49.7  76.0  2/14/17  30.7  2/25/17  430    2 21.24   1  29  2/20/17   S 30.01   89
3    53.6  92.7  3/13/17  30.0   3/1/17  402   48  6.36   1  20  3/21/17   N 30.12   78
4    55.3  92.7  4/30/17  33.6  4/10/17  343   52  6.02   1  25   4/7/17   N 30.05   74
5    60.0 100.3  5/20/17  38.2  5/18/17  268  114  0.03   1  18   5/5/17   N 29.95   70
6    65.5 105.4  6/17/17  41.3   6/5/17  169  185  0.05   1  16  6/18/17   S 29.92   68
7    69.1 110.4   7/7/17  46.2  7/22/17  141  267  0.00   1  15   7/2/17   S 29.94   62
8    68.7 110.3  8/31/17  46.2  8/31/17  118  233  0.00   1  15   8/1/17   S 29.90   69
9    67.1 120.6   9/2/17  39.9  9/24/17  136  200  0.00   1  16  9/11/17   S 29.90   65
10   59.5 100.5  10/7/17  35.1 10/13/17  163   76  0.00   1  14 10/15/17   N 29.96   53
---------------------------------------------------------------------------------------
TOT  59.5 120.6   9/2/17  27.9   1/6/17 2783 1180-21.37   1  29   1/8/17   S 29.98   73

HEAT BASE: 65.0
COOL BASE: 65.0

From Boulder-Creek.com Weather Station