Day for Current Month NOAA Weather Summary

                  MONTHLY CLIMATOLOGICAL SUMMARY FOR 7/2019
                                        HEAT  COOL        
     MEAN                               DEG   DEG       WIND SPEED       DOM MEAN  MEAN
DAY  TEMP  HIGH   TIME     LOW   TIME   DAYS  DAYS RAIN AVG  HI  TIME    DIR BAROM HUM
---------------------------------------------------------------------------------------
1    64.1  88.2  12:23pm  47.9   5:23am    7    6  0.00   1  13   2:55pm  NW 30.03   64
2    61.4  80.1  12:29pm  49.0   7:08am    7    3  0.00   1  14  12:35pm  NW 29.98   71
3    63.5  88.5   2:35pm  50.8   6:52am    6    5  0.00   1  12   4:43pm NNW 29.92   69
4    63.9  81.9   1:54pm  49.6   3:00am    6    5  0.00   1  12   1:36pm   S 29.93   72
5    64.7  85.7   2:57pm  53.0   6:09am    5    5  0.00   1  14   3:35pm   S 29.99   74
6    64.5  83.8   2:22pm  51.8   5:33am    5    5  0.00   1  13   2:54pm   S 29.98   70
7    62.4  81.4   2:45pm  49.0   3:37am    7    4  0.00   1  15   3:42pm NNW 29.94   72
8    61.7  81.5   3:23pm  50.7   2:43am    6    3  0.00   1   8  11:16am   N 30.00   74
9    64.1  87.8   1:52pm  47.8   6:37am    6    5  0.00   1  12   5:23pm NNW 30.02   73
10   69.1  91.0   1:42pm  55.2   4:54am    3    7  0.00   1   8   4:43pm NNW 30.05   71
11   68.8  91.7   2:14pm  53.9   6:37am    4    8  0.00   1  12   2:50pm NNW 30.02   70
12   69.8  95.9   1:11pm  51.0   7:07am    4    9  0.00   1  11   2:08pm NNW 29.90   66
13   71.6  98.3  12:40pm  50.0   6:47am    5   11  0.00   1  11   6:26pm   N 29.87   60
14   71.3  92.1   1:54pm  51.3   6:55am    4   10  0.00   1  11   2:46pm   N 29.96   55
15   69.8  90.5  11:53am  53.8   6:48am    3    7  0.00   1  14   5:05pm NNW 29.98   59
16   68.3  87.5   2:16pm  54.9   7:19am    4    7  0.00   1  12   2:17pm   N 29.91   65
17   66.0  86.4   2:05pm  55.0   6:27am    4    5  0.00   1  13   2:43pm   S 29.90   70
18   63.6  82.2   1:54pm  53.7   5:34am    5    4  0.00   2  12   2:04pm   S 29.92   78
19   60.3  72.5   3:06pm  55.0   5:48am    5    1  0.01   1  13   4:13pm   S 29.91   85
20   56.4  57.6  12:00am  55.8   5:58am    3    0  0.00   1   6   2:17am SSE 29.92   91
---------------------------------------------------------------------------------------
TOT  65.6  98.3  7/13/19  47.8   7/9/19  100  111  0.01   1  14   7/5/19   S 29.96   70

HEAT BASE: 65.0
COOL BASE: 65.0

From Boulder-Creek.com Weather Station

Month for Current Year NOAA Weather Summary

                  YEARLY CLIMATOLOGICAL SUMMARY FOR 2019
                                        HEAT  COOL        
     MEAN                               DEG   DEG       WIND SPEED       DOM MEAN  MEAN
MON  TEMP  HIGH   DATE     LOW   DATE   DAYS  DAYS RAIN AVG  HI  DATE    DIR BAROM HUM
---------------------------------------------------------------------------------------
1    49.0  78.9  1/27/19  26.9   1/2/19  503    7 15.22   1  28  1/16/19   S 30.08   89
2    44.7  65.5  2/24/19  27.6  2/19/19  568    0 21.32   1  28   2/2/19   N 29.98   88
3    50.3  86.1  3/17/19  30.8  3/14/19  474   19  8.07   1  25  3/27/19   N 30.06   82
4    57.4  97.0  4/23/19  39.9  4/13/19  299   71  0.91   1  15  4/11/19   S 30.02   76
5    56.8  87.8   5/2/19  37.6   5/4/19  313   60  4.44   1  33  5/15/19   S 29.93   78
6    65.2 109.1  6/11/19  44.7   6/7/19  167  174  0.00   1  16  6/18/19   S 29.93   69
7    65.6  98.3  7/13/19  47.8   7/9/19  100  111  0.01   1  14   7/5/19   S 29.96   70
---------------------------------------------------------------------------------------
TOT  55.1 109.1  6/11/19  26.9   1/2/19 2424  442 49.97   1  33  5/15/19   S 30.00   79

HEAT BASE: 65.0
COOL BASE: 65.0

From Boulder-Creek.com Weather Station