Day for Current Month NOAA Weather Summary

                  MONTHLY CLIMATOLOGICAL SUMMARY FOR 3/2019
                                        HEAT  COOL        
     MEAN                               DEG   DEG       WIND SPEED       DOM MEAN  MEAN
DAY  TEMP  HIGH   TIME     LOW   TIME   DAYS  DAYS RAIN AVG  HI  TIME    DIR BAROM HUM
---------------------------------------------------------------------------------------
1    46.0  56.4   3:30pm  37.9   6:51am   19    0  0.04   0  10   2:43pm   S 30.05   90
2    53.4  59.6   2:22pm  46.8  12:42am   12    0  1.24   1  11   3:11am SSE 29.84   95
3    52.1  59.5   1:06pm  47.2  11:45pm   13    0  0.05   1   9  12:56pm   N 30.04   93
4    49.3  58.0  12:28pm  45.3  11:15pm   16    0  0.00   0   4  12:16pm   N 30.09   89
5    48.8  53.5   4:30pm  44.8   4:29am   16    0  0.45   2  19  10:12pm   S 29.86   95
6    51.0  55.0  11:46am  47.5  10:24pm   14    0  2.22   3  21   4:24pm   S 29.76   94
7    46.8  50.7  12:32pm  41.2  11:34pm   18    0  0.05   0   8   1:15pm   N 30.01   95
8    43.7  58.1   1:49pm  37.9   6:32am   21    0  0.06   1  10   1:10pm   N 30.07   88
9    42.9  51.1  12:33pm  38.3   1:30am   22    0  0.60   1  13  12:15pm SSE 29.97   95
10   46.3  54.1   4:59pm  42.8  12:08am   18    0  0.40   1  10  11:42am   S 29.95   93
11   48.8  69.2   2:17pm  35.4   8:09am   17    0  0.01   1   8   3:51pm   N 30.03   77
12   47.4  57.2   2:08pm  40.4   3:33am   18    0  0.00   1  15   2:42pm   N 29.95   85
13   49.1  67.3   1:56pm  37.4   4:08am   16    0  0.00   1  12   2:09pm   N 30.16   63
14   47.6  71.9   2:29pm  30.8   7:48am   18    1  0.00   1   9  12:02pm NNW 30.24   66
15   50.6  80.1   2:41pm  31.9   7:42am   16    2  0.00   1   8   4:58pm   N 30.20   69
16   53.6  81.6   2:41pm  34.5   8:00am   14    3  0.00   1   8   4:29pm   N 30.13   69
17   56.4  86.1   2:04pm  36.7   8:01am   13    4  0.00   0   8   1:33pm   S 30.06   69
18   56.3  81.6   1:59pm  39.2   7:31am   12    3  0.00   1  15  12:02pm   S 29.96   68
19   54.1  71.0   2:34pm  41.8   7:36am   12    1  0.03   1  16   4:56pm   S 29.88   69
20   51.6  65.2   2:16pm  42.5  11:55pm   13    0  1.01   1  13  12:08am SSE 29.99   84
21   48.8  66.5  12:19pm  36.8   7:49am   16    0  0.00   1   8   2:10pm   N 30.11   81
22   46.7  54.8  12:55pm  38.2   4:24am   18    0  0.08   0  10   1:02pm   S 30.18   94
23   52.6  68.1   2:41pm  41.1  11:58pm   12    0  0.35   1  13   4:51pm NNW 30.18   81
24   48.7  67.2  12:42pm  34.7   7:34am   16    0  0.00   1  10   1:11pm   S 30.19   76
25   45.1  59.6   2:32pm  36.8   6:35am   13    0  0.01   1  15   1:58pm   S 30.11   87
---------------------------------------------------------------------------------------
TOT  49.6  86.1  3/17/19  30.8  3/14/19  394   14  6.60   1  20   3/6/19   N 30.04   83

HEAT BASE: 65.0
COOL BASE: 65.0

From Boulder-Creek.com Weather Station

Month for Current Year NOAA Weather Summary

                  YEARLY CLIMATOLOGICAL SUMMARY FOR 2019
                                        HEAT  COOL        
     MEAN                               DEG   DEG       WIND SPEED       DOM MEAN  MEAN
MON  TEMP  HIGH   DATE     LOW   DATE   DAYS  DAYS RAIN AVG  HI  DATE    DIR BAROM HUM
---------------------------------------------------------------------------------------
1    49.0  78.9  1/27/19  26.9   1/2/19  503    7 15.22   1  28  1/16/19   S 30.08   89
2    44.7  65.5  2/24/19  27.6  2/19/19  568    0 21.32   1  28   2/2/19   N 29.98   88
3    49.6  86.1  3/17/19  30.8  3/14/19  394   14  6.60   1  20   3/6/19   N 30.04   83
---------------------------------------------------------------------------------------
TOT  47.7  86.1  3/17/19  26.9   1/2/19 1465   21 43.14   1  28  1/16/19   S 30.04   87

HEAT BASE: 65.0
COOL BASE: 65.0

From Boulder-Creek.com Weather Station